t n(s) = 2*s**3 + 25*s**2 - 75*s + 7. Determine n(-15).
7
Let d(n) = -4*n + 11. Calculate d(5).
-9
Let m(v) = -v**3 - 5*v**2 + v + 7. Determine m(-4).
-13
Let l(z) = z**3 + 10*z**2 - 13*z - 26. Give l(-11).
-4
Let a(f) = 2*f**2 + 20*f - 9. Give a(-10).
-9
Let j(q) = -6*q + 16. What is j(9)?
-38
Let m(f) = -4*f**2 + 5*f - 2. What is m(3)?
-23
Let q(c) = -2*c**2 - 6*c - 6. Determine q(-7).
-62
Let f(t) = t**3 - 3*t**2 - t - 4. Determine f(3).
-7
Let p(k) = -k**3 + 6*k**2 - 7*k - 2. Determine p(5).
-12
Let b(v) = 21*v + 2. Calculate b(0).
2
Let j(t) = t**3 - 11*t**2 + 8*t + 7. Calculate j(10).
-13
Let o(k) = k**3 + 6*k**2 + 2*k - 9. Calculate o(-5).
6
Let u(p) = 10*p**3 - 4*p**2 - 4*p + 5. Calculate u(2).
61
Let v(z) = -z**3 + 34*z**2 + 73*z - 41. Determine v(36).
-5
Let a(g) = -10*g - 56. Calculate a(-7).
14
Let q(j) = -2*j**2 - 8*j + 9. What is q(-5)?
-1
Let c(y) = -y**2 + 16*y + 52. Calculate c(17).
35
Let m(y) = -y + 15. Give m(7).
8
Let g(t) = -t**2 - 28*t - 63. Calculate g(-26).
-11
Let j(l) = -l**3 + 9*l**2 - l + 5. Give j(9).
-4
Let p(w) = 35*w**2 - 1. Determine p(1).
34
Let p(w) = -w - 4. Calculate p(15).
-19
Let i(o) = -o**2 + 1. Calculate i(-4).
-15
Let b(m) = m**3 - m**2 - m + 32. Determine b(0).
32
Let v(y) = -18*y - 1. What is v(-1)?
17
Let l(q) = -24*q + 87. What is l(4)?
-9
Let w(n) = -n**3 + 9*n**2 + 2*n - 4. Determine w(9).
14
Let b(t) = -t**3 - 7*t**2 - 4*t + 4. Give b(-6).
-8
Let g(d) = -2*d**3 - 4*d**2 - 4*d - 5. Calculate g(-3).
25
Let c(w) = 53*w + 62. What is c(-1)?
9
Let s(z) = -22*z + 17. Calculate s(1).
-5
Let p(q) = q**3 + 7*q**2 - 5*q - 3. Calculate p(-7).
32
Let s(n) = -2*n**2 - 31*n + 23. Calculate s(-16).
7
Let v(j) = -3*j + 8. Calculate v(5).
-7
Let g(w) = 80*w + 468. Determine g(-6).
-12
Let r(o) = o**3 - 6*o**2 + 11*o - 8. Give r(4).
4
Let c(k) = -2*k**2 + 21*k + 28. What is c(11)?
17
Let x(b) = b**3 - 4*b**2 - b + 12. Calculate x(3).
0
Let t(i) = -i**2 - 7*i + 45. What is t(4)?
1
Let m(a) = a**3 + a**2 - 3*a + 3. Determine m(-3).
-6
Let p(i) = -5*i + 84. What is p(14)?
14
Let q(n) = 14*n + 8. Determine q(-1).
-6
Let c(x) = -x**2 + 5*x + 2. Calculate c(4).
6
Let f(l) = 2*l**2 - 95*l - 50. Determine f(48).
-2
Let l(n) = -n**3 - 10*n**2 + 14*n - 6. Determine l(-11).
-39
Let d(x) = 26*x + 142. Give d(-6).
-14
Let u(w) = 2*w**3 - 4*w**2 + 4*w - 2. Determine u(3).
28
Let h(t) = 15*t + 124. Give h(-8).
4
Let j(y) = 11*y + 51. Determine j(-16).
-125
Let y(h) = h**3 + 6*h**2 - 8*h + 5. Calculate y(-7).
12
Let f(v) = -v**3 - 9*v**2 - 6*v + 12. Give f(-8).
-4
Let o(a) = a**3 - 15*a**2 + 17*a - 34. What is o(14)?
8
Let d(i) = -i**2 + 6*i + 4. Give d(4).
12
Let n(m) = m**2 - 4*m - 8. What is n(6)?
4
Let x(z) = z + 10. Determine x(0).
10
Let d(w) = -9*w**2 - 3*w + 3. Calculate d(-2).
-27
Let n(v) = -v**2 + 10. Calculate n(-5).
-15
Let w(t) = -13*t - 114. Determine w(-10).
16
Let a(i) = i**3 + 2*i**2 - i - 5. Give a(-2).
-3
Let h(f) = f**2 + 5*f + 5. What is h(-5)?
5
Let y(n) = -3*n + 11. What is y(-14)?
53
Let s(v) = -v**3 + 13*v**2 - 12*v + 3. What is s(12)?
3
Let c(q) = -q**2 - 32*q - 168. What is c(-8)?
24
Let p(o) = o**2 - 9*o + 10. What is p(8)?
2
Let t(r) = -3*r + 22. Give t(6).
4
Let k(c) = -14*c + 221. Give k(16).
-3
Let c(w) = -w**3 - 4*w**2 + 19*w - 12. What is c(-7)?
2
Let p(g) = -g**3 - 8*g**2 - 6*g - 1. What is p(-6)?
-37
Let r(n) = 2*n + 4. Calculate r(-7).
-10
Let v(f) = -4*f - 126. Calculate v(-32).
2
Let y(j) = 2*j**2 - 2*j + 1. What is y(1)?
1
Let b(o) = -4*o + 8. What is b(2)?
0
Let a(v) = -4*v**3 + 2*v**2 + 2*v. Determine a(-2).
36
Let w(l) = -l**2 + 9. Determine w(3).
0
Let b(y) = y - 15. Calculate b(4).
-11
Let w(z) = -z**2 + 8*z - 54. Calculate w(10).
-74
Let u(s) = -28*s - 3. What is u(2)?
-59
Let q(c) = -10*c**3 + 2*c**2 - 1. Give q(-1).
11
Let u(b) = -b - 8. Give u(-17).
9
Let d(u) = 2*u**2 - 4*u + 3. What is d(0)?
3
Let l(w) = 4*w**2 - 26*w. What is l(7)?
14
Let d(t) = -t**3 - 8*t**2 - 7*t - 20. Determine d(-7).
-20
Let r(x) = x**3 + 24*x**2 - 24*x + 19. Give r(-25).
-6
Let f(d) = d**3 - 28*d**2 - 27*d - 55. Calculate f(29).
3
Let h(b) = -2*b - 9. Determine h(-8).
7
Let y(j) = -j**3 + 7*j**2 - j + 4. Give y(7).
-3
Let m(k) = -k**3 + 11*k**2 + 13*k - 15. Calculate m(12).
-3
Let c(s) = -4*s - 28. Give c(-3).
-16
Let i(d) = 2*d - 3. What is i(-5)?
-13
Let r(i) = 5*i + 31. Give r(-5).
6
Let n(h) = h**3 - 2*h**2 - 4*h - 5. What is n(4)?
11
Let s(f) = f**3 + 2*f**2 + 9*f + 61. Give s(-4).
-7
Let n(a) = a**2 - 3*a - 14. Calculate n(8).
26
Let n(z) = -z**3 - 3*z**2 + 15*z - 17. Calculate n(-6).
1
Let h(y) = -y**3 + 17*y**2 + 19*y - 5. What is h(18)?
13
Let v(m) = -35*m + 68. Determine v(2).
-2
Let i(m) = -m**2 + 19*m - 32. Determine i(18).
-14
Let a(q) = -3*q - 4. What is a(6)?
-22
Let f(l) = -3*l - 1. Determine f(5).
-16
Let n(i) = 2*i**2 + 27*i + 69. What is n(-3)?
6
Let z(i) = -2*i - 89. Calculate z(-27).
-35
Let n(r) = -r**2 - 18*r + 5. Give n(-18).
5
Let b(h) = -4*h**3 + 4*h - 3. What is b(1)?
-3
Let z(c) = c**3 + 12*c**2 + 12*c + 7. Give z(-11).
-4
Let i(t) = t**3 - 13*t**2 + 23*t + 1. Calculate i(11).
12
Let o(n) = n + 15. What is o(-5)?
10
Let z(o) = 23*o + 239. Give z(-10).
9
Let o(a) = -a**2 + 16*a + 7. Determine o(9).
70
Let o(z) = z**3 - 4*z - 1. Calculate o(-2).
-1
Let k(d) = -d**3 - 4*d**2 + 6*d + 22. Give k(-4).
-2
Let v(b) = -b**2 - 17*b + 7. Determine v(-17).
7
Let c(j) = 23*j**2 - 6*j - 7. Calculate c(-2).
97
Let c(g) = 24*g + 56. Calculate c(-2).
8
Let t(g) = -g**3 + 2*g**2 + 12*g - 14. Determine t(4).
2
Let g(l) = -88*l**2 + l + 1. Give g(-1).
-88
Let u(t) = -2*t**2 + 37*t - 38. What is u(17)?
13
Let h(m) = m - 10. Determine h(9).
-1
Let c(n) = n**3 - 9*n**2 - 11*n + 8. Give c(10).
-2
Let l(c) = 3*c**3 + 2*c**2 + 2*c + 5. Calculate l(-4).
-163
Let i(k) = -k**2 - 23*k - 79. Determine i(-5).
11
Let p(o) = -o**2 + 24. Calculate p(0).
24
Let i(u) = 2*u + 3. What is i(-7)?
-11
Let r(b) = 4*b - 162. Give r(41).
2
Let k(m) = m**2 + 2*m + 2. Determine k(-3).
5
Let z(l) = 23*l - 46. What is z(-4)?
-138
Let h(x) = x**2 + 5*x - 26. Give h(-9).
10
Let h(y) = -3*y - 62. Give h(-33).
37
Let h(g) = -2*g**2 + 57*g - 65. What is h(28)?
-37
Let l(t) = t + 13. Determine l(-23).
-10
Let p(f) = 18*f + 12. Calculate p(-5).
-78
Let z(k) = -k**3 - 5*k**2 + 4*k - 5. Calculate z(-5).
-25
Let p(v) = 70*v**3 + v**2 - 1. What is p(-1)?
-70
Let t(b) = -b**3 + 9*b**2 + b - 7. Calculate t(9).
2
Let u(r) = 3*r - 26. Give u(8).
-2
Let m(b) = -3*b**2 - 3*b + 115. Calculate m(-7).
-11
Let n(d) = 2*d**2 - 14*d - 10. Give n(8).
6
Let z(n) = -3*n**2 - 77*n + 119. What is z(-27)?
11
Let l(h) = -25*h - 70. Give l(-4).
30
Let x(w) = 27*w + 13. Give x(-2).
-41
Let a(v) = -v**3 - 5*v**2 + 4*v + 17. Calculate a(-3).
-13
Let m(f) = f**3 - 16*f**2 + 16*f - 2. Calculate m(15).
13
Let g(i) = -i**2 - 8*i - 21. Determine g(-7).
-14
Let s(l) = -l**2 - 14*l + 5. Calculate s(-14).
5
Let k(f) = f**2 + 16*f + 46. Give k(-4).
-2
Let t(g) = 2*g**2 - 8*g - 18. Calculate t(6).
6
Let u(i) = i. What is u(3)?
3
Let s(t) = 7*t - 26. Give s(3).
-5
Let m(q) = q**3 - 9*q**2 - 51*q - 15. Give m(13).
-2
Let g(s) = s - 8. Give g(8).
0
Let g(r) = r**2 + 23*r + 38. Give g(-17).
-64
Let g(s) = 6*s + 280. Give g(-47).
-2
Let h(m) = -m**3 + 13*m**2 + 29*m + 9. Give h(15).
-6
Let a(l) = 2*l**3 - 2*l**2 - 2*l + 3. Determine a(1).
1
Let r(m) = 27*m + 155. Give r(-8).
-61
Let f(k) = 9*k + 5. Calculate f(-2).
-13
Let q(u) = 2*u**2 + 5*u + 3. Calculate q(-2).
1
Let m(l) = 7*l + 2. Calculate m(-3).
-19
Let r(z) = -z**3 - 11*z**2 + 2*z + 3. What is r(-11)?
-19
Let z(v) = v**3 + 10*v**2 - v - 11. Give z(-10).
-1
Let z(o) = -5*o - 38. Calculate z(-11).
17
Let f(t) = t**3 + 20*t**2 - 3*t - 36. Calculate f(-20).
24
Let v(t) = -t**3 - 2*t**2 + 6*t + 7. Give v(-3).
-2
Let v(o) = 7*o + 12. Determine v(9).
75
Let m(n) = n**2 + 4*n + 1. What is m(-5)?
6
Let n(f) = -2*f + 6. What is n(4)?
-2
Let d(b) = b**2 + 5*b + 8. What is d(-4)?
4
Let b(r) = -3*r**2 - r + 15. Give b(3).
-15
Let t(b) = 5*b + 148. Give t(-36).
-32
Let z(k) = 4*k + 69. Determine z(-16).
5
Let k(r) = 3*r + 2. What is k(-16)?
-46
Let s(w) = w**3 - 14*w**2 - 16*w + 21. What is s(15)?
6
Let i(v) = v**2 + 5*v - 9. Determine i(-9).
27
Let h(k) = -2*k**3 - k. Determine h(1).
-3
Let g(q) = -q**3 - q**2 + 2*q - 2.